ulate the highest common factor of 896 and 1757504.
448
What is the highest common factor of 46107 and 346390?
47
What is the highest common factor of 63 and 14168217?
21
Calculate the greatest common divisor of 2058636 and 36.
12
What is the highest common divisor of 1813952 and 4544?
64
Calculate the greatest common factor of 13248 and 467912.
184
Calculate the highest common factor of 98 and 93304498.
14
Calculate the highest common divisor of 2276 and 1899322.
1138
Calculate the greatest common factor of 2276 and 20716.
4
What is the highest common factor of 292279 and 1131?
13
What is the highest common factor of 247967 and 2948?
67
What is the highest common divisor of 1023 and 99079937?
341
What is the highest common divisor of 107906796 and 36?
36
Calculate the highest common factor of 51 and 418327245.
51
Calculate the highest common divisor of 2159196 and 5460.
156
Calculate the greatest common factor of 10846062 and 7776.
486
Calculate the highest common factor of 1679 and 178756.
23
What is the highest common factor of 63 and 909729?
9
Calculate the highest common factor of 3248 and 11681432.
1624
Calculate the greatest common factor of 403594 and 28.
2
What is the highest common factor of 1248 and 119604?
12
Calculate the greatest common factor of 18056605 and 4305.
1435
What is the highest common divisor of 115 and 108529640?
115
Calculate the greatest common factor of 89533890 and 95.
95
What is the greatest common divisor of 19609069 and 1487?
1487
What is the greatest common divisor of 36616695 and 166?
83
Calculate the highest common factor of 7754491 and 129.
43
Calculate the highest common factor of 10318 and 221053.
7
What is the highest common factor of 90 and 156530?
10
What is the greatest common factor of 454274880 and 24?
24
Calculate the highest common factor of 11447072 and 98.
14
What is the highest common divisor of 110829545 and 350200?
8755
What is the highest common divisor of 207659 and 745651?
739
What is the greatest common factor of 13621994 and 222?
74
What is the greatest common factor of 174400191 and 126?
63
What is the greatest common divisor of 6 and 35951766?
6
What is the highest common factor of 15232056 and 20874?
2982
Calculate the greatest common factor of 597045660 and 3160.
1580
Calculate the greatest common factor of 75420153 and 972.
243
Calculate the greatest common divisor of 1716 and 10757643.
39
Calculate the highest common divisor of 77 and 185482264.
11
What is the greatest common factor of 1770060 and 270?
30
Calculate the highest common factor of 6468 and 11364.
12
What is the highest common factor of 204120 and 192500?
140
What is the highest common divisor of 43022964 and 36?
12
Calculate the highest common divisor of 3900516 and 768.
12
Calculate the greatest common divisor of 95045 and 635.
5
What is the greatest common factor of 6713 and 1563541?
49
Calculate the greatest common divisor of 1871370 and 54970.
2390
What is the greatest common factor of 199863 and 26076?
159
What is the highest common factor of 47730600 and 1728?
216
Calculate the greatest common factor of 111722685 and 30.
15
Calculate the highest common divisor of 686478 and 32448.
1014
Calculate the highest common divisor of 2943795 and 5725.
1145
What is the greatest common divisor of 715030816 and 2636?
2636
Calculate the highest common factor of 3146816 and 1792.
64
What is the highest common divisor of 11257122 and 12?
6
What is the highest common factor of 33 and 523408391?
11
What is the greatest common divisor of 772044 and 17052?
588
Calculate the greatest common factor of 308 and 2140348.
28
What is the greatest common factor of 182537300 and 1111?
1111
Calculate the highest common divisor of 134748 and 1700025.
57
What is the highest common divisor of 76505 and 904995?
65
What is the greatest common factor of 5935 and 16320063?
1187
Calculate the greatest common divisor of 346392 and 47889.
153
Calculate the highest common factor of 6966 and 7951302.
774
What is the greatest common factor of 28389114 and 702?
234
Calculate the highest common divisor of 195425 and 5025.
25
Calculate the highest common factor of 234 and 347386.
26
What is the highest common divisor of 8 and 84739672?
8
Calculate the highest common factor of 1157 and 5697424.
89
What is the highest common factor of 718014 and 570?
6
What is the highest common factor of 6433350 and 17850?
1050
What is the highest common divisor of 117882 and 297998?
74
What is the greatest common divisor of 11706502 and 7736?
1934
What is the greatest common divisor of 28059 and 38634?
141
Calculate the greatest common divisor of 51654000 and 192000.
6000
Calculate the greatest common divisor of 10217230 and 1290.
430
Calculate the greatest common factor of 583233 and 3486.
21
Calculate the greatest common factor of 221851336 and 56.
56
What is the greatest common divisor of 6436868 and 3560551?
12671
Calculate the greatest common factor of 2255 and 62880510.
55
What is the greatest common factor of 325434 and 1319568?
4458
Calculate the highest common divisor of 8451 and 121311.
27
What is the greatest common factor of 34958922 and 948?
474
Calculate the greatest common factor of 288959 and 15151.
109
What is the highest common divisor of 16 and 2377044?
4
Calculate the highest common factor of 8470 and 7416010.
70
Calculate the highest common factor of 10020022 and 783.
29
Calculate the greatest common divisor of 2890 and 275417.
289
What is the highest common factor of 32 and 270?
2
Calculate the highest common divisor of 3995 and 248795.
85
Calculate the highest common factor of 52154 and 71492.
586
What is the highest common divisor of 204439092 and 990?
66
What is the highest common factor of 9201220 and 935?
5
What is the highest common factor of 128960 and 6753040?
2480
Calculate the highest common divisor of 300 and 157396692.
12
What is the highest common divisor of 90801594 and 9?
9
What is the greatest common factor of 68980953 and 7707?
1101
What is the greatest common factor of 169 and 325344773?
169
What is the greatest common divisor of 328072 and 73784?
184
What is the highest common factor of 5632 and 70334?
22
Calculate the highest common divisor of 231306 and 139878.
114
What is the highest common divisor of 976199 and 21?
7
What is the highest common factor of 414 and 200109522?
138
Calculate the greatest common divisor of 7540 and 1581196.
116
What is the highest common divisor of 53489898 and 28?
14
Calculate the highest common divisor of 50000 and 936400.
400
Calculate the greatest common factor of 2195307 and 6354.
3177
Calculate the highest common divisor of 210 and 56951115.
15
What is the highest common factor of 9684 and 49293?
9
Calculate the highest common factor of 798048 and 192666.
978
Calculate the greatest common divisor of 184364180 and 546.
182
Calculate the highest common divisor of 109077 and 1398939.
1059
What is the highest common factor of 62648 and 96079112?
1528
What is the greatest common factor of 6392 and 43996?
68
What is the greatest common factor of 11148779 and 73?
73
Calculate the highest common divisor of 5698385 and 308.
77
What is the highest common divisor of 111736 and 1?
1
What is the highest common divisor of 210036 and 2041296?
276
Calculate the greatest common factor of 2080544 and 928.
32
What is the highest common divisor of 131007331 and 5096?
637
What is the greatest common factor of 87363432 and 936?
936
What is the greatest common divisor of 1967434 and 34354?
178
Calculate the greatest common factor of 533708218 and 5546.
5546
Calculate the greatest common divisor of 3427637 and 909.
101
What is the greatest common divisor of 6176 and 1317418?
386
Calculate the greatest common factor of 3450 and 7488570.
690
What is the greatest common factor of 522 and 23424286?
58
Calculate the greatest common factor of 10152 and 493344.
216
What is the greatest common factor of 177264990 and 14?
14
What is the highest common divisor of 623 and 984501?
7
Calculate the greatest common divisor of 751757 and 6919.
17
Calculate the highest common divisor of 140 and 123751334.
14
What is the greatest common divisor of 236320 and 879200?
1120
Calculate the highest common factor of 17315728 and 304.
16
Wh